st common divisor of 6 and a?
6
Let l(f) = f**3 - 3*f**2 + 3*f - 2. Let h be l(2). Suppose h = -5*c + 2*c + 588. Calculate the highest common factor of 28 and c.
28
Suppose 13 = 3*o - 5*h - 36, -h = -2*o + 21. What is the highest common divisor of o and 64?
8
Let o be ((-126)/10)/((-2)/10). Calculate the highest common factor of o and 7.
7
Let q = 5 - 2. Suppose q*k - 67 = -3*t - 2*k, 4*k = -t + 34. What is the greatest common factor of t and 56?
14
Let o = 27 - 15. Suppose -o = -3*v - 0*v. What is the highest common divisor of v and 32?
4
Let s = 2 + -6. Let i(p) = p**2 + 3*p + 4. Let q be i(s). Let k be -4*3/(-12)*1. Calculate the highest common factor of q and k.
1
Let g(s) = 158*s**2. Let r be g(-1). Let y = r - 272. Let i be (-2)/3 - y/9. Calculate the greatest common factor of i and 132.
12
Let g be 42/(-9)*6*-1. Let n = g - -2. Let f(j) = j - 4. Let r be f(14). Calculate the highest common divisor of n and r.
10
Let a = -3 + 2. Let v be a*1/(-1) - -2. What is the highest common factor of v and 33?
3
Suppose 0 = -2*m + 3*f - 5 - 2, -10 = -2*f. Suppose 0*n + 48 = m*n. What is the highest common factor of n and 60?
12
Let v(m) = m**3 - 13*m**2 + m - 7. Let f be v(13). What is the greatest common divisor of f and 78?
6
Let n(m) = m**3 + 2*m**2 - m + 3. Let o be n(-3). Let x be -1 + (o - -2) + 19. Calculate the highest common divisor of x and 68.
17
Let x be 22/6 + (-7)/(-21). Let f = x - -4. What is the highest common divisor of f and 20?
4
Let y(j) = 3*j + 3 - 12 - 2 - 6*j. Let f be y(-8). What is the highest common divisor of f and 52?
13
Let y be (-423)/(-39) + 16/104. What is the greatest common divisor of 77 and y?
11
Let j be -4 - (-4 + (-39 - 4)). Let a = -18 + j. Calculate the highest common divisor of a and 75.
25
Suppose 726 = 7*v - v. Calculate the greatest common divisor of 11 and v.
11
Let r(b) = 8*b**2 - b + 2. Let u be r(1). Calculate the highest common factor of u and 1.
1
Let w = -26 + 29. What is the greatest common divisor of w and 2?
1
Suppose 3*w = -0*w. Let f(p) = p - 7. Let k be f(w). Let o be (3/3)/((-1)/k). Calculate the greatest common factor of o and 63.
7
Suppose 4*g + 4*o - 211 = 3*g, g - 216 = -3*o. Calculate the highest common factor of g and 21.
21
Let h be 3/(-9) - (-34)/(-6). Let z be (-4)/6 + (-334)/h. What is the greatest common divisor of 11 and z?
11
Let g = -14 + 62. What is the greatest common divisor of g and 6?
6
Let j = 16 + -13. Suppose -j*s + 13 = -i, i = -5*s + 4*i + 19. Let c = -33 + 48. Calculate the highest common factor of s and c.
5
Suppose -2*a + 136 = -0*z + 4*z, 3*z = 4*a + 113. What is the highest common factor of 5 and z?
5
Let i = 52 - 38. What is the highest common factor of 35 and i?
7
Let h(v) = 10*v - 10. Let x be 70/4*(-2)/(-5). Let t be h(x). What is the highest common divisor of 20 and t?
20
Let c(s) = 30*s**3 - 4*s**2 + s + 1. Let p be c(1). What is the highest common factor of p and 7?
7
Let g = 67 + -97. Let j = 20 - g. Let n(z) = z**3 - 5*z**2 + 5. Let k be n(5). Calculate the greatest common factor of j and k.
5
Let o = 1 + 14. Suppose 5 = -5*z + o. Let t be 4/(-10)*z*-5. What is the greatest common divisor of 8 and t?
4
Suppose 3*x - x = 10. Suppose 2 = -x*t + 17. Let y(v) = v**3 + 3*v - 15. Let o be y(3). What is the highest common divisor of t and o?
3
Suppose -4*i - 4*t = -124, 3*i = 2*i - 2*t + 34. Let y = -314 + 384. What is the highest common factor of i and y?
14
Let i = -42 + 154. Let s = -29 + 45. What is the highest common factor of i and s?
16
Let n be (8/(-30))/(18/(-45))*3. What is the greatest common divisor of n and 2?
2
Suppose 0 = 4*h - 4*z, -4*z - 4 = 4. Suppose 5*j = 2*i + 2, 2*i + 0*i = 3*j + 2. Let r = j - h. Calculate the highest common divisor of r and 28.
4
Let r(g) = -2*g + 7. Let f be r(9). Let m = 17 + f. What is the greatest common divisor of 6 and m?
6
Let i = 49 - 48. What is the highest common divisor of 11 and i?
1
Let s be (-366)/(-30) - 1/5. What is the greatest common factor of s and 60?
12
Suppose -4*z + 2*z - 14 = -4*j, 4*z = 5*j - 10. Calculate the highest common factor of j and 42.
6
Suppose 0 = 146*t - 145*t - 4. Calculate the highest common divisor of t and 8.
4
Suppose 3*b + u - 75 = 0, -b - 11 + 36 = -5*u. What is the greatest common factor of 5 and b?
5
Let k be (-3)/6*0/3. Let o = -12 + k. Let w = o + 34. What is the highest common divisor of w and 11?
11
Let d(r) = -r**3 - 5*r**2 - 4*r + 4. Let b = 2 + -1. Suppose -3*q - 25 + b = 3*l, -4 = -2*q + 3*l. Let k be d(q). What is the highest common divisor of 4 and k?
4
Let a = -63 - -153. Let u be ((-20)/6)/((-9)/27). What is the greatest common factor of a and u?
10
Suppose h - 90 = -2*h. Let o = h + 22. Let c = o - -18. What is the highest common divisor of c and 14?
14
Let p be -1*(-4 + 1) - -8. Calculate the highest common divisor of 11 and p.
11
Let r(d) = -d**3 + 9*d**2 + 2. Let w be r(9). Suppose -4*p = 2*y - 112, 146 = 5*p + w*y + 2*y. Calculate the greatest common factor of p and 39.
13
Suppose 0*q - 4*q = 0. Suppose 0 = 5*j - q*j - 40. What is the greatest common factor of j and 8?
8
Let x(u) = -7*u**3 + 2*u + 1. Let z be x(-1). Suppose 0 = 2*j - 4*j + 2*a - z, 3*a = j + 13. What is the highest common factor of 2 and j?
2
Let s be (-22 + 0)/(3 - 5). Suppose 4*b - 2 = 3*b. Suppose -b*v + 4*v = 176. Calculate the highest common divisor of v and s.
11
Suppose 4*z - 40 = -4*t, 3*t + 6 = 21. Suppose 0 = m + 4*w + 10, z*m + 4*w - w = 35. Suppose -3*d + d = -m. What is the highest common divisor of 20 and d?
5
Let z = -13 + 7. Let d(l) = 2*l**2 + 9*l + 3. Let k be d(z). Calculate the highest common divisor of k and 168.
21
Suppose -214 = -4*k - 38. What is the highest common factor of k and 396?
44
Let g(a) = -8*a - 10. Let p be g(-2). Calculate the greatest common divisor of 48 and p.
6
Let n(v) = 4 + 3*v - 3 - 2*v. Let y be n(-3). Let i be (-11)/y + (-2)/(-4). What is the highest common divisor of i and 9?
3
Let p = -23 - -28. What is the greatest common factor of p and 5?
5
Suppose -70 = -5*v + 4*d - 8*d, -4*v + 3*d + 87 = 0. What is the greatest common factor of 18 and v?
18
Let r(v) = -v**2 - 13*v - 15. Let g be r(-10). What is the greatest common divisor of g and 25?
5
Suppose -58 - 446 = -2*w. Calculate the highest common factor of 28 and w.
28
Suppose -592 = -h - 7*h. Calculate the highest common factor of h and 111.
37
Let a be 1*2/((-6)/(-27)). Let g = -6 + a. Suppose -6 = -g*f + 54. Calculate the greatest common divisor of f and 5.
5
Let b(c) = c**3 - 4*c**2 + 3*c - 1. Let i be b(3). Let o be 2 - (i - -2) - -39. Calculate the highest common divisor of 16 and o.
8
Let t be (-28)/(-6) - 1 - 24/36. Calculate the highest common factor of 2 and t.
1
Let u be 4/(6/9*3). Let h = u - -3. Suppose h*c = 5, -2*n = 2*c - 0*c - 26. Calculate the highest common divisor of 36 and n.
12
Suppose 0 = -5*f - 26 - 24. Suppose -4*v - 2*h + 107 + 7 = 0, 147 = 5*v - 2*h. Let s = f + v. What is the highest common factor of s and 19?
19
Let z(w) = 11*w**3 + w**2 + w - 1. Let a be z(1). What is the highest common factor of 36 and a?
12
Let r(n) = 25*n - 10. Suppose -4*h + 12 = -12. Let v be r(h). What is the greatest common divisor of 20 and v?
20
Suppose -a + 14 = 4*s - 6, -3*a - 15 = -3*s. Let b be (-4)/(-2*(1 - a)). Let y be -3 + -7*(2 - 3). What is the greatest common factor of b and y?
2
Suppose 4*o = o + 135. Suppose 2 + 3 = -5*a, -5*f + a = -26. Calculate the greatest common divisor of f and o.
5
Let t(l) = -l + 20. Let g be t(9). Let u = -6 + g. Suppose -u*j + 16 + 59 = 0. Calculate the greatest common divisor of 6 and j.
3
Let j be 2*(-3)/(-6)*-4. Let m be (j/3)/((-4)/12). What is the highest common divisor of 12 and m?
4
Let n(d) = -d**3 + 18*d**2 + 11*d - 30. Let a be n(18). Calculate the greatest common factor of 56 and a.
56
Let z(n) = 4*n - 48. Let h be z(28). Calculate the greatest common factor of h and 32.
32
Suppose 2*d - 3*n - 245 = 316, -4*n + 884 = 3*d. Suppose 3*l = 2*u - 192, 3*u - d = -l + 6*l. Calculate the highest common divisor of 24 and u.
24
Let d = 14 - 12. Let u be -18*(-1 - 0/3). Calculate the greatest common factor of d and u.
2
Let b(i) = 10*i + 2. Let x be b(7). Let q(o) = 3*o - 9. Let h be q(6). What is the highest common divisor of x and h?
9
Let d be 